{"id":3722,"date":"2021-11-12T17:53:44","date_gmt":"2021-11-12T17:53:44","guid":{"rendered":"http:\/\/thehome-immobiliere.com\/?post_type=property&#038;p=3722"},"modified":"2021-12-08T15:43:06","modified_gmt":"2021-12-08T15:43:06","slug":"villa-recente-t4-au-calme","status":"publish","type":"property","link":"https:\/\/thehome-immobiliere.com\/en\/property\/villa-recente-t4-au-calme","title":{"rendered":"Villa r\u00e9cente T4 au calme"},"content":{"rendered":"<p>En EXCLUSIVITE, Vente villa \u00e0 Manosque, \u00e0 45 minutes d&#8217;Aix en Provence et gare TGV et \u00e0 25 minutes de Cadarache Iter, jolie villa r\u00e9cente RT 2012 d&#8217;environ 121 m\u00b2 avec garage d&#8217;environ 105 m\u00b2 sur 450 m\u00b2 de terrain arbor\u00e9 et s\u00e9curis\u00e9. Elle se compose d&#8217;une jolie pi\u00e8ce de vie d&#8217;environ 55 m\u00b2 avec sa cuisine ouverte, de 3 chambres, d&#8217;une grande salle de bain, et de wc s\u00e9par\u00e9. Un jardin paysag\u00e9 vous s\u00e9duira par son calme et son ensoleillement. Vous disposerez \u00e9galement de jolies terrasses, d&#8217;une piscine, et d&#8217;un garage de plus de 100 m\u00b2 .Rare \u00e0 la vente dans un secteur pris\u00e9 de Manosque au calme absolu. FAI\/MDT106 DPE A. The Home Immobili\u00e8re. Honoraires Vendeurs.<\/p>","protected":false},"excerpt":{"rendered":"<p>En EXCLUSIVITE, Vente villa \u00e0 Manosque, \u00e0 45 minutes d&#8217;Aix en Provence et gare TGV et \u00e0 25 minutes de Cadarache Iter, jolie villa r\u00e9cente RT 2012 d&#8217;environ 121 m\u00b2 avec garage d&#8217;environ 105 m\u00b2 sur 450 m\u00b2 de terrain arbor\u00e9 et s\u00e9curis\u00e9. Elle se compose d&#8217;une jolie pi\u00e8ce de vie d&#8217;environ 55 m\u00b2 avec [&hellip;]<\/p>","protected":false},"author":1,"featured_media":3725,"parent":0,"menu_order":0,"template":"","property_type":[105],"property_status":[89],"property_feature":[95,102,96],"property_label":[],"property_country":[61],"property_state":[91],"property_city":[92],"property_area":[],"class_list":["post-3722","property","type-property","status-publish","has-post-thumbnail","hentry","property_type-maison","property_status-a-vendre","property_feature-garage","property_feature-piscine","property_feature-veranda","property_country-la-france","property_state-alpes-de-haute-provence","property_city-manosque"],"property_meta":{"_edit_lock":["1638978188:1"],"_edit_last":["1"],"fave_property_price":["450,000"],"fave_property_size":["121"],"fave_property_land":["450"],"fave_property_bedrooms":["4"],"fave_property_bathrooms":["1"],"fave_property_map":["0"],"fave_property_location":["25.68654,-80.431345,15"],"houzez_geolocation_lat":["25.68654"],"houzez_geolocation_long":["-80.431345"],"fave_property_map_street_view":["hide"],"fave_featured":["0"],"fave_loggedintoview":["0"],"fave_agent_display_option":["agent_info"],"fave_agents":["156"],"fave_property_agency":["-1"],"fave_prop_homeslider":["yes"],"fave_single_top_area":["global"],"fave_single_content_area":["simple"],"rs_page_bg_color":[""],"houzez_manual_expire":["0"],"_houzez_expiration_date_status":["saved"],"fave_property_id":["106"],"additional_features":["a:5:{i:0;a:2:{s:29:\"fave_additional_feature_title\";s:17:\"Nombre de pi\u00e8ces\";s:29:\"fave_additional_feature_value\";s:1:\"4\";}i:1;a:2:{s:29:\"fave_additional_feature_title\";s:19:\"Nombre de terrasses\";s:29:\"fave_additional_feature_value\";s:1:\"1\";}i:2;a:2:{s:29:\"fave_additional_feature_title\";s:7:\"Cuisine\";s:29:\"fave_additional_feature_value\";s:17:\"Ouverte \u00e9quip\u00e9e\";}i:3;a:2:{s:29:\"fave_additional_feature_title\";s:14:\"Assainissement\";s:29:\"fave_additional_feature_value\";s:16:\"Tout \u00e0 l'\u00e9gout\";}i:4;a:2:{s:29:\"fave_additional_feature_title\";s:9:\"Chauffage\";s:29:\"fave_additional_feature_value\";s:33:\"Centrale fuel et clim r\u00e9versible\";}}"],"fave_energy_class":["A"],"houzez_total_property_views":["3016"],"houzez_views_by_date":["a:61:{s:10:\"02-19-2026\";i:3;s:10:\"02-20-2026\";i:2;s:10:\"02-22-2026\";i:7;s:10:\"02-24-2026\";i:6;s:10:\"02-25-2026\";i:4;s:10:\"02-26-2026\";i:3;s:10:\"02-27-2026\";i:2;s:10:\"03-02-2026\";i:1;s:10:\"03-05-2026\";i:1;s:10:\"03-06-2026\";i:2;s:10:\"03-07-2026\";i:1;s:10:\"03-08-2026\";i:2;s:10:\"03-10-2026\";i:7;s:10:\"03-11-2026\";i:25;s:10:\"03-13-2026\";i:3;s:10:\"03-14-2026\";i:1;s:10:\"03-16-2026\";i:3;s:10:\"03-17-2026\";i:3;s:10:\"03-18-2026\";i:10;s:10:\"03-19-2026\";i:6;s:10:\"03-20-2026\";i:2;s:10:\"03-21-2026\";i:5;s:10:\"03-22-2026\";i:2;s:10:\"03-23-2026\";i:8;s:10:\"03-24-2026\";i:5;s:10:\"03-25-2026\";i:4;s:10:\"03-26-2026\";i:1;s:10:\"03-27-2026\";i:4;s:10:\"03-28-2026\";i:2;s:10:\"03-29-2026\";i:4;s:10:\"03-30-2026\";i:2;s:10:\"03-31-2026\";i:3;s:10:\"04-01-2026\";i:1;s:10:\"04-02-2026\";i:10;s:10:\"04-03-2026\";i:1;s:10:\"04-04-2026\";i:1;s:10:\"04-05-2026\";i:4;s:10:\"04-06-2026\";i:4;s:10:\"04-07-2026\";i:1;s:10:\"04-08-2026\";i:3;s:10:\"04-09-2026\";i:1;s:10:\"04-10-2026\";i:5;s:10:\"04-11-2026\";i:6;s:10:\"04-12-2026\";i:1;s:10:\"04-13-2026\";i:3;s:10:\"04-14-2026\";i:1;s:10:\"04-15-2026\";i:5;s:10:\"04-16-2026\";i:3;s:10:\"04-18-2026\";i:1;s:10:\"04-19-2026\";i:1;s:10:\"04-21-2026\";i:3;s:10:\"04-22-2026\";i:2;s:10:\"04-23-2026\";i:1;s:10:\"04-24-2026\";i:3;s:10:\"04-25-2026\";i:1;s:10:\"04-26-2026\";i:3;s:10:\"04-27-2026\";i:2;s:10:\"04-28-2026\";i:2;s:10:\"04-29-2026\";i:4;s:10:\"04-30-2026\";i:6;s:10:\"05-01-2026\";i:3;}"],"houzez_recently_viewed":["2026-05-01 13:28:42"],"fave_property_map_address":["Manosque"],"fave_property_garage_size":["100"],"fave_property_garage":["1"],"_thumbnail_id":["3725"],"fave_property_images":["3727","3726","3728","3729","3730","3731","3732","3733","3734"],"fave_prop_slider_image":["3725"]},"_links":{"self":[{"href":"https:\/\/thehome-immobiliere.com\/en\/wp-json\/wp\/v2\/properties\/3722","targetHints":{"allow":["GET"]}}],"collection":[{"href":"https:\/\/thehome-immobiliere.com\/en\/wp-json\/wp\/v2\/properties"}],"about":[{"href":"https:\/\/thehome-immobiliere.com\/en\/wp-json\/wp\/v2\/types\/property"}],"author":[{"embeddable":true,"href":"https:\/\/thehome-immobiliere.com\/en\/wp-json\/wp\/v2\/users\/1"}],"version-history":[{"count":1,"href":"https:\/\/thehome-immobiliere.com\/en\/wp-json\/wp\/v2\/properties\/3722\/revisions"}],"predecessor-version":[{"id":3723,"href":"https:\/\/thehome-immobiliere.com\/en\/wp-json\/wp\/v2\/properties\/3722\/revisions\/3723"}],"wp:featuredmedia":[{"embeddable":true,"href":"https:\/\/thehome-immobiliere.com\/en\/wp-json\/wp\/v2\/media\/3725"}],"wp:attachment":[{"href":"https:\/\/thehome-immobiliere.com\/en\/wp-json\/wp\/v2\/media?parent=3722"}],"wp:term":[{"taxonomy":"property_type","embeddable":true,"href":"https:\/\/thehome-immobiliere.com\/en\/wp-json\/wp\/v2\/property_type?post=3722"},{"taxonomy":"property_status","embeddable":true,"href":"https:\/\/thehome-immobiliere.com\/en\/wp-json\/wp\/v2\/property_status?post=3722"},{"taxonomy":"property_feature","embeddable":true,"href":"https:\/\/thehome-immobiliere.com\/en\/wp-json\/wp\/v2\/property_feature?post=3722"},{"taxonomy":"property_label","embeddable":true,"href":"https:\/\/thehome-immobiliere.com\/en\/wp-json\/wp\/v2\/property_label?post=3722"},{"taxonomy":"property_country","embeddable":true,"href":"https:\/\/thehome-immobiliere.com\/en\/wp-json\/wp\/v2\/property_country?post=3722"},{"taxonomy":"property_state","embeddable":true,"href":"https:\/\/thehome-immobiliere.com\/en\/wp-json\/wp\/v2\/property_state?post=3722"},{"taxonomy":"property_city","embeddable":true,"href":"https:\/\/thehome-immobiliere.com\/en\/wp-json\/wp\/v2\/property_city?post=3722"},{"taxonomy":"property_area","embeddable":true,"href":"https:\/\/thehome-immobiliere.com\/en\/wp-json\/wp\/v2\/property_area?post=3722"}],"curies":[{"name":"wp","href":"https:\/\/api.w.org\/{rel}","templated":true}]}}

Villa récente T4 au calme

<p>En EXCLUSIVITE, Vente villa à Manosque, à 45 minutes d&#8217;Aix en Provence et gare TGV et à 25 minutes de Cadarache Iter, jolie villa récente RT 2012 d&#8217;environ 121 m² avec garage d&#8217;environ 105 m² sur 450 m² de terrain arboré et sécurisé. Elle se compose d&#8217;une jolie pièce de vie d&#8217;environ 55 m² avec sa cuisine ouverte, de 3 chambres, d&#8217;une grande salle de bain, et de wc séparé. Un jardin paysagé vous séduira par son calme et son ensoleillement. Vous disposerez également de jolies terrasses, d&#8217;une piscine, et d&#8217;un garage de plus de 100 m² .Rare à la vente dans un secteur prisé de Manosque au calme absolu. FAI/MDT106 DPE A. The Home Immobilière. Honoraires Vendeurs.</p>

<p>En EXCLUSIVITE, Vente villa à Manosque, à 45 minutes d&#8217;Aix en Provence et gare TGV et à 25 minutes de Cadarache Iter, jolie villa récente RT 2012 d&#8217;environ 121 m² avec garage d&#8217;environ 105 m² sur 450 m² de terrain arboré et sécurisé. Elle se compose d&#8217;une jolie pièce de vie d&#8217;environ 55 m² avec [&hellip;]</p>

a:5:{i:0;a:2:{s:29:"fave_additional_feature_title";s:17:"Nombre de pièces";s:29:"fave_additional_feature_value";s:1:"4";}i:1;a:2:{s:29:"fave_additional_feature_title";s:19:"Nombre de terrasses";s:29:"fave_additional_feature_value";s:1:"1";}i:2;a:2:{s:29:"fave_additional_feature_title";s:7:"Cuisine";s:29:"fave_additional_feature_value";s:17:"Ouverte équipée";}i:3;a:2:{s:29:"fave_additional_feature_title";s:14:"Assainissement";s:29:"fave_additional_feature_value";s:16:"Tout à l'égout";}i:4;a:2:{s:29:"fave_additional_feature_title";s:9:"Chauffage";s:29:"fave_additional_feature_value";s:33:"Centrale fuel et clim réversible";}}
